housands digit of 152885?
2
What is the thousands digit of 2181402?
1
What is the units digit of 4242?
2
What is the hundreds digit of 209529?
5
What is the thousands digit of 253010?
3
What is the units digit of 171204?
4
What is the ten thousands digit of 592656?
9
What is the millions digit of 3390950?
3
What is the ten thousands digit of 166945?
6
What is the thousands digit of 150391?
0
What is the units digit of 432536?
6
What is the millions digit of 12233682?
2
What is the hundreds digit of 65933?
9
What is the millions digit of 1012948?
1
What is the hundreds digit of 24458?
4
What is the ten thousands digit of 191981?
9
What is the tens digit of 3157109?
0
What is the units digit of 188430?
0
What is the hundred thousands digit of 2563473?
5
What is the hundred thousands digit of 207683?
2
What is the thousands digit of 1946659?
6
What is the ten thousands digit of 122232?
2
What is the tens digit of 271778?
7
What is the hundreds digit of 6383501?
5
What is the tens digit of 8551922?
2
What is the thousands digit of 29535?
9
What is the thousands digit of 1872062?
2
What is the hundreds digit of 1553824?
8
What is the millions digit of 29971234?
9
What is the thousands digit of 1198610?
8
What is the thousands digit of 87095?
7
What is the hundreds digit of 375473?
4
What is the ten thousands digit of 98943?
9
What is the hundreds digit of 9095083?
0
What is the ten thousands digit of 104393?
0
What is the tens digit of 48139?
3
What is the millions digit of 13083937?
3
What is the units digit of 20033852?
2
What is the millions digit of 6450750?
6
What is the hundreds digit of 65449?
4
What is the tens digit of 2953?
5
What is the tens digit of 253669?
6
What is the tens digit of 114895?
9
What is the units digit of 5364315?
5
What is the hundreds digit of 89290?
2
What is the ten thousands digit of 234901?
3
What is the ten thousands digit of 13885?
1
What is the hundred thousands digit of 5972505?
9
What is the thousands digit of 3430487?
0
What is the thousands digit of 1241223?
1
What is the ten thousands digit of 187503?
8
What is the hundreds digit of 117511?
5
What is the hundred thousands digit of 1423106?
4
What is the thousands digit of 2436850?
6
What is the millions digit of 7068590?
7
What is the tens digit of 4676417?
1
What is the thousands digit of 3673174?
3
What is the hundred thousands digit of 110678?
1
What is the units digit of 89373?
3
What is the hundreds digit of 295173?
1
What is the units digit of 386911?
1
What is the thousands digit of 30719211?
9
What is the thousands digit of 445127?
5
What is the units digit of 20813?
3
What is the thousands digit of 50782?
0
What is the hundreds digit of 1818652?
6
What is the thousands digit of 12651894?
1
What is the tens digit of 541032?
3
What is the units digit of 9270766?
6
What is the thousands digit of 805992?
5
What is the millions digit of 9883892?
9
What is the hundreds digit of 767108?
1
What is the thousands digit of 5125318?
5
What is the hundreds digit of 261186?
1
What is the ten thousands digit of 381596?
8
What is the ten thousands digit of 1557012?
5
What is the thousands digit of 196228?
6
What is the ten thousands digit of 3390563?
9
What is the thousands digit of 104155?
4
What is the thousands digit of 131710?
1
What is the thousands digit of 2589958?
9
What is the thousands digit of 5869434?
9
What is the hundred thousands digit of 111831?
1
What is the hundreds digit of 75803?
8
What is the thousands digit of 10512?
0
What is the hundreds digit of 4884461?
4
What is the hundred thousands digit of 2529063?
5
What is the tens digit of 19941835?
3
What is the hundred thousands digit of 971776?
9
What is the millions digit of 23740018?
3
What is the thousands digit of 335745?
5
What is the units digit of 843467?
7
What is the units digit of 247974?
4
What is the tens digit of 176828?
2
What is the tens digit of 1138344?
4
What is the units digit of 310825?
5
What is the hundreds digit of 355728?
7
What is the thousands digit of 533040?
3
What is the units digit of 667577?
7
What is the hundred thousands digit of 198203?
1
What is the millions digit of 3826582?
3
What is the units digit of 16528239?
9
What is the ten thousands digit of 562575?
6
What is the thousands digit of 951934?
1
What is the ten thousands digit of 707157?
0
What is the thousands digit of 11347615?
7
What is the hundred thousands digit of 367342?
3
What is the hundreds digit of 3142693?
6
What is the hundreds digit of 257450?
4
What is the ten thousands digit of 3695596?
9
What is the hundreds digit of 12379760?
7
What is the ten thousands digit of 169666?
6
What is the ten thousands digit of 1298050?
9
What is the millions digit of 6759021?
6
What is the ten thousands digit of 296479?
9
What is the tens digit of 2139015?
1
What is the tens digit of 394781?
8
What is the tens digit of 373880?
8
What is the hundred thousands digit of 6185781?
1
What is the hundreds digit of 4756545?
5
What is the units digit of 67303?
3
What is the units digit of 1317655?
5
What is the tens digit of 83535?
3
What is the hundreds digit of 29185407?
4
What is the millions digit of 5713379?
5
What is the hundreds digit of 9936320?
3
What is the ten thousands digit of 507190?
0
What is the hundred thousands digit of 33143592?
1
What is the hundred thousands digit of 483719?
4
What is the thousands digit of 2521968?
1
What is the tens digit of 4042388?
8
What is the ten thousands digit of 1609816?
0
What is the thousands digit of 15264909?
4
What is the units digit of 475437?
7
What is the ten thousands digit of 209010?
0
What is the thousands digit of 156565?
6
What is the ten thousands digit of 1137072?
3
What is the hundred thousands digit of 215020?
2
What is the units digit of 688947?
7
What is the hundreds digit of 2445185?
1
What is the millions digit of 26623641?
6
What is the tens digit of 859326?
2
What is the thousands digit of 17434465?
4
What is the ten thousands digit of 1272514?
7
What is the thousands digit of 23318849?
8
What is the hundreds digit of 208868?
8
What is the hundred thousands digit of 435590?
4
What is the hundreds digit of 73566?
5
What is the units digit of 173755?
5
What is the units digit of 3730591?
1
What is the hundreds digit of 80795?
7
What is the ten thousands digit of 118793?
1
What is the tens digit of 198115?
1
What is the tens digit of 1484924?
2
What is the hundreds digit of 46742?
7
What is the units digit of 2548582?
2
What is the ten thousands digit of 526791?
2
What is the ten thousands digit of 210179?
1
What is the hundreds digit of 520052?
0
What is the hundreds digit of 2304799?
7
What is the hundreds digit of 4637725?
7
What is the units digit of 6442627?
7
What is the hundreds digit of 2039147?
1
What is the units digit of 8608281?
1
What is the hundreds digit of 890155?
1
What is the ten millions digit of 17357172?
1
What is the tens digit of 103486?
8
What is the tens digit of 11647553?
5
What is the millions digit of 2518091?
2
What is the units digit of 344766?
6
What is the millions digit of 1469856?
1
What is the tens digit of 1729788?
8
What is the hundreds digit of 347116?
1
What is the hundred thousands digit of 143211?
1
What is the hundreds digit of 91551?
5
What is the hundreds digit of 1453301?
3
What is the thousands digit of 220713?
0
What is the millions digit of 9408368?
9
What is the tens digit of 48083?
8
What is the ten millions digit of 11059894?
1
What is the units digit of 2081973?
3
What is the units digit of 859085?
5
What is the ten thousands digit of 464773?
6
What is the thousands digit of 25100300?
0
What is the units digit of 114516?
6
What is the units digit of 1363491?
1
What is the thousands digit of 34693976?
3
What is the hundreds digit of 8537059?
0
What is the tens digit of 126800?
0
What is the ten thousands digit of 460582?
6
What is the hundred thousands digit of 850496?
8
What is the hundred thousands digit of 2273880?
2
What is the hundred thousands digit of 202068?
2
What is the thousands digit of 2377728?
7
What is the tens digit of 387239?
3
What is the hundred thousands digit of 559487?
5
What is the hundreds digit of 1087566?
5
What is the ten thousands digit of 4970388?
7
What is the hundre